{"id":7,"date":"2023-02-03T09:23:44","date_gmt":"2023-02-03T07:23:44","guid":{"rendered":"https:\/\/ukraine.benevolat.org\/?page_id=7"},"modified":"2023-02-03T09:23:44","modified_gmt":"2023-02-03T07:23:44","slug":"solidarite-pour-lukraine","status":"publish","type":"page","link":"https:\/\/ukraine.benevolat.org\/index.php\/solidarite-pour-lukraine\/","title":{"rendered":"Solidarit\u00e9 pour l&#8217;Ukraine"},"content":{"rendered":"\n<p>La FFBA, F\u00e9d\u00e9ration Fran\u00e7aise du B\u00e9n\u00e9volat et de la vie Associative, repr\u00e9sentant une grande partie du mouvement associatif fran\u00e7ais, a d\u00e9cid\u00e9 de soutenir le peuple Ukrainien dans ses \u00e9preuves, participant ainsi \u00e0 l&#8217;\u00e9lan de solidarit\u00e9 nationale.<\/p>\n\n\n\n<p>Pour pr\u00e9parer et soutenir les actions humanitaires indispensables se mettant en place, la F\u00e9d\u00e9ration et ses d\u00e9l\u00e9gations d\u00e9partementales ouvrent \u00e0 cet effet un espace de don en ligne.<\/p>\n\n\n\n<p>Vous pouvez ainsi effectuer un don en toute s\u00e9curit\u00e9 via le formulaire ci-dessous.<\/p>\n\n\n\n<p>D&#8217;autres actions seront communiqu\u00e9es ult\u00e9rieurement en fonction des besoins des populations.<\/p>\n\n\n<div class=\"wp-block-simpay-payment-form\" id=\"simpay-block-payment-form-11\" data-form-id=\"11\" data-form-vars='{\"id\":11,\"type\":\"stripe-elements\",\"form\":{\"integers\":{\"amount\":10,\"setupFee\":0,\"minAmount\":1,\"totalAmount\":\"\",\"subMinAmount\":0,\"planIntervalCount\":0,\"taxPercent\":0,\"feePercent\":0,\"feeAmount\":0},\"strings\":{\"paymentButtonText\":\"Pay with Card\",\"paymentButtonTrialText\":\"Start Trial\",\"paymentButtonLoadingText\":\"Please Wait...\",\"companyName\":\"Solidarit\\u00e9 Ukraine\",\"subscriptionType\":\"disabled\",\"planInterval\":0,\"checkoutButtonText\":\"Verser {{amount}}\",\"checkoutButtonTrialText\":\"Commencer mon essai\",\"checkoutButtonLoadingText\":\"Veuillez patienter ...\",\"checkoutButtonBnplText\":\"Continuer\",\"dateFormat\":\"dd\\\/mm\\\/yy\",\"formDisplayType\":\"embedded\"},\"livemode\":true,\"prices\":{\"39036980-89bb-4f57-a14e-25ecded41716\":{\"product_id\":\"prod_NHuVYaAHwSOkGi\",\"id\":\"simpay_2d180888-abad-416f-beeb-cf25566a5664\",\"default\":true,\"label\":null,\"currency\":\"eur\",\"currency_symbol\":\"&euro;\",\"is_zero_decimal\":false,\"unit_amount\":1000,\"unit_amount_min\":\"100\",\"can_recur\":false,\"recurring\":null,\"line_items\":null}},\"i18n\":{\"stripeErrorMessages\":{\"invalid_number\":\"The card number is not a valid credit card number.\",\"invalid_expiry_month\":\"The card\\u0027s expiration month is invalid.\",\"invalid_expiry_year\":\"The card\\u0027s expiration year is invalid.\",\"invalid_cvc\":\"The card\\u0027s security code is invalid.\",\"incorrect_number\":\"The card number is incorrect.\",\"incomplete_number\":\"The card number is incomplete.\",\"incomplete_cvc\":\"The card\\u0027s security code is incomplete.\",\"incomplete_expiry\":\"The card\\u0027s expiration date is incomplete.\",\"expired_card\":\"The card has expired.\",\"incorrect_cvc\":\"The card\\u0027s security code is incorrect.\",\"incorrect_zip\":\"The card\\u0027s zip code failed validation.\",\"invalid_expiry_year_past\":\"The card\\u0027s expiration year is in the past\",\"card_declined\":\"The card was declined.\",\"processing_error\":\"An error occurred while processing the card.\",\"invalid_request_error\":\"Unable to process this payment, please try again or use alternative method.\",\"email_invalid\":\"Invalid email address, please correct and try again.\"},\"unknownError\":\"Unable to complete request. Please try again.\",\"minCustomAmountError\":\"The minimum amount allowed is %s\",\"subMinCustomAmountError\":\"The minimum amount allowed is %s\",\"emptyCustomAmountError\":\"Please enter a custom amount. The minimum amount allowed is %s\"},\"bools\":{\"isTestMode\":false,\"isSubscription\":false,\"isTrial\":false,\"hasCustomerFields\":true,\"hasPaymentRequestButton\":false},\"config\":{\"paymentMethods\":[{\"id\":\"card\",\"name\":\"Card\",\"nicename\":\"Credit Card\",\"licenses\":[\"personal\",\"plus\",\"professional\",\"ultimate\",\"elite\"],\"flow\":\"none\",\"scope\":\"popular\",\"countries\":[\"au\",\"at\",\"be\",\"br\",\"bg\",\"ca\",\"hr\",\"cy\",\"cz\",\"dk\",\"ee\",\"fi\",\"fr\",\"de\",\"gi\",\"gr\",\"hk\",\"hu\",\"in\",\"ie\",\"it\",\"jp\",\"lv\",\"li\",\"lt\",\"lu\",\"my\",\"mt\",\"mx\",\"nl\",\"nz\",\"no\",\"pl\",\"pt\",\"ro\",\"sg\",\"sk\",\"si\",\"es\",\"se\",\"ch\",\"ae\",\"gb\",\"us\"],\"currencies\":[\"aed\",\"afn\",\"all\",\"amd\",\"ang\",\"aoa\",\"ars\",\"aud\",\"awg\",\"azn\",\"bam\",\"bbd\",\"bdt\",\"bif\",\"bgn\",\"bmd\",\"bnd\",\"bob\",\"brl\",\"bsd\",\"bwp\",\"byr\",\"bzd\",\"cad\",\"cdf\",\"chf\",\"clp\",\"cny\",\"cop\",\"crc\",\"cve\",\"czk\",\"djf\",\"dkk\",\"dop\",\"dzd\",\"egp\",\"etb\",\"eur\",\"fjd\",\"fkp\",\"gbp\",\"gel\",\"gip\",\"gmd\",\"gnf\",\"gtq\",\"gyd\",\"hkd\",\"hnl\",\"hrk\",\"htg\",\"huf\",\"idr\",\"ils\",\"inr\",\"isk\",\"jmd\",\"jpy\",\"kes\",\"kgs\",\"khr\",\"kmf\",\"krw\",\"kyd\",\"kzt\",\"lak\",\"lbp\",\"lkr\",\"lrd\",\"lsl\",\"mad\",\"mdl\",\"mga\",\"mkd\",\"mmk\",\"mnt\",\"mop\",\"mro\",\"mur\",\"mvr\",\"mwk\",\"mxn\",\"myr\",\"mzn\",\"nad\",\"ngn\",\"nio\",\"nok\",\"npr\",\"nzd\",\"pab\",\"pen\",\"pgk\",\"php\",\"pkr\",\"pln\",\"pyg\",\"qar\",\"ron\",\"rsd\",\"rub\",\"rwf\",\"sar\",\"sbd\",\"scr\",\"sek\",\"sgd\",\"shp\",\"sll\",\"sos\",\"srd\",\"std\",\"szl\",\"thb\",\"tjs\",\"top\",\"try\",\"ttd\",\"twd\",\"tzs\",\"uah\",\"ugx\",\"usd\",\"uyu\",\"uzs\",\"vnd\",\"vuv\",\"wst\",\"xaf\",\"xcd\",\"xof\",\"xpf\",\"yer\",\"zar\",\"zmw\"],\"recurring\":true,\"stripe_checkout\":true,\"bnpl\":false,\"config\":{\"id\":\"card\"}},{\"id\":\"sepa-debit\",\"name\":\"SEPA Direct Debit\",\"nicename\":\"SEPA Direct Debit\",\"licenses\":[\"personal\",\"plus\",\"professional\",\"ultimate\",\"elite\"],\"flow\":\"none\",\"scope\":\"standard\",\"countries\":[\"au\",\"at\",\"be\",\"bu\",\"ca\",\"cy\",\"dk\",\"ee\",\"fi\",\"fr\",\"de\",\"gr\",\"hk\",\"ie\",\"it\",\"jp\",\"lv\",\"lt\",\"lu\",\"mt\",\"mx\",\"nl\",\"nz\",\"no\",\"pl\",\"pt\",\"ro\",\"sg\",\"sk\",\"si\",\"es\",\"se\",\"ch\",\"gb\",\"us\"],\"currencies\":[\"eur\"],\"recurring\":true,\"stripe_checkout\":true,\"bnpl\":false,\"config\":{\"id\":\"sepa-debit\"}}],\"taxRates\":[]}},\"stripe\":{\"amount\":\"\",\"country\":\"FR\",\"strings\":{\"key\":\"pk_live_51M7gPuBHvOEVwAoP06C5NcmmcRNvO0Bv6gd5fMPNhYuB2mWmSQBD4eFn7JzdGFgDVr8j90VSW5gYtRxQELfuMXID00V1F7FclB\",\"stripe_api_version\":\"2020-08-27\",\"success_url\":\"https:\\\/\\\/ukraine.benevolat.org\\\/index.php\\\/payment-confirmation\\\/?form_id=11\",\"error_url\":\"https:\\\/\\\/ukraine.benevolat.org\\\/index.php\\\/payment-failed\\\/?form_id=11\",\"name\":\"Solidarit\\u00e9 Ukraine\",\"locale\":\"fr\",\"country\":\"FR\",\"currency\":\"EUR\",\"description\":\"Effectuez un don en faveur de l\\u0027action humanitaire men\\u00e9e en Ukraine\",\"elementsLocale\":\"fr\",\"afterpayClearpayLocale\":\"fr-FR\"},\"bools\":[]},\"integers\":{\"amount\":10},\"strings\":{\"paymentButtonText\":\"Pay with Card\",\"paymentButtonTrialText\":\"Start Trial\",\"paymentButtonLoadingText\":\"Please Wait...\"},\"livemode\":true,\"prices\":{\"39036980-89bb-4f57-a14e-25ecded41716\":{\"product_id\":\"prod_NHuVYaAHwSOkGi\",\"id\":\"simpay_2d180888-abad-416f-beeb-cf25566a5664\",\"default\":true,\"label\":null,\"currency\":\"eur\",\"currency_symbol\":\"&euro;\",\"is_zero_decimal\":false,\"unit_amount\":1000,\"unit_amount_min\":\"100\",\"can_recur\":false,\"recurring\":null,\"line_items\":null}},\"i18n\":{\"stripeErrorMessages\":{\"invalid_number\":\"The card number is not a valid credit card number.\",\"invalid_expiry_month\":\"The card\\u0027s expiration month is invalid.\",\"invalid_expiry_year\":\"The card\\u0027s expiration year is invalid.\",\"invalid_cvc\":\"The card\\u0027s security code is invalid.\",\"incorrect_number\":\"The card number is incorrect.\",\"incomplete_number\":\"The card number is incomplete.\",\"incomplete_cvc\":\"The card\\u0027s security code is incomplete.\",\"incomplete_expiry\":\"The card\\u0027s expiration date is incomplete.\",\"expired_card\":\"The card has expired.\",\"incorrect_cvc\":\"The card\\u0027s security code is incorrect.\",\"incorrect_zip\":\"The card\\u0027s zip code failed validation.\",\"invalid_expiry_year_past\":\"The card\\u0027s expiration year is in the past\",\"card_declined\":\"The card was declined.\",\"processing_error\":\"An error occurred while processing the card.\",\"invalid_request_error\":\"Unable to process this payment, please try again or use alternative method.\",\"email_invalid\":\"Invalid email address, please correct and try again.\"},\"unknownError\":\"Unable to complete request. Please try again.\"}}'><div id=\"simpay-embedded-form-wrap-11\" data-id=\"simpay-form-11-wrap\" class=\"simpay-form-wrap simpay-embedded-form-wrap\"><div class=\"simpay-embedded-heading simpay-styled\"><h3 class=\"simpay-form-title\">Solidarit\u00e9 Ukraine<\/h3><p class=\"simpay-form-description\">Effectuez un don en faveur de l&#039;action humanitaire men\u00e9e en Ukraine<\/p><\/div><form action=\"\" method=\"post\" class=\"simpay-checkout-form simpay-form-11 simpay-styled simpay-checkout-form--embedded\" id=\"simpay-form-11\" data-simpay-form-id=\"11\" >\n\t\t<div class=\"simpay-form-control simpay-name-container simpay-customer-name-container\">\n\t\t\t\n\t\t<div class=\"simpay-customer_name-label simpay-label-wrap\">\n\t\t\t<label for=\"simpay-form-11-field-5\" class=\"\">\n\t\t\t\tNom de votre association\t\t\t\t\t\t\t<\/label>\n\t\t<\/div>\n\n\t\t\t\t\t<div class=\"simpay-customer-name-wrap simpay-field-wrap\">\n\t\t\t\t<input\n\t\t\t\t\ttype=\"text\"\n\t\t\t\t\tname=\"simpay_customer_name\"\n\t\t\t\t\tid=\"simpay-form-11-field-5\"\n\t\t\t\t\tclass=\"simpay-customer-name\"\n\t\t\t\t\tvalue=\"\"\n\t\t\t\t\tplaceholder=\"\"\n\t\t\t\t\t\t\t\t\t\t\trequired\n\t\t\t\t\t\t\t\t\t\/>\n\t\t\t<\/div>\n\t\t<\/div>\n\n\t\t\n\t\t<div class=\"simpay-form-control simpay-email-container\">\n\t\t\t\n\t\t<div class=\"simpay-email-label simpay-label-wrap\">\n\t\t\t<label for=\"simpay-form-11-field-1\" class=\"\">\n\t\t\t\tAdresse Email\t\t\t\t\t\t\t<\/label>\n\t\t<\/div>\n\n\t\t\t\t\t<div class=\"simpay-email-wrap simpay-field-wrap\">\n\t\t\t\t<input\n\t\t\t\t\ttype=\"email\"\n\t\t\t\t\tname=\"simpay_email\"\n\t\t\t\t\tid=\"simpay-form-11-field-1\"\n\t\t\t\t\tclass=\"simpay-email\"\n\t\t\t\t\tvalue=\"\"\n\t\t\t\t\tplaceholder=\"\"\n\t\t\t\t\trequired\n\t\t\t\t\/>\n\t\t\t<\/div>\n\t\t<\/div>\n\n\t\t\n\t\t<fieldset\n\t\t\tclass=\"simpay-form-control simpay-plan-select-container\"\n\t\t\tdata-display-type=\"radio\"\n\t\t\tstyle=\"display: none\"\n\t\t>\n\t\t\t<div class=\"simpay-plan_select-label simpay-label-wrap\">\n\t\t\t\t<legend class=\"screen-reader-text\">\n\t\t\t\t\tplan_select\t\t\t\t<\/legend>\n\t\t\t<\/div>\n\n\t\t\t<div class=\"simpay-plan-wrapper simpay-field-wrap simpay-dropdown-wrap\">\n\t\t\t\t<ul class=\"simpay-multi-plan-radio-group\">\n\t\t\t\t\t\t\t\t\t<li>\n\t\t\t\t\t\t<label for=\"simpay_2d180888-abad-416f-beeb-cf25566a5664-instance-689\">\n\t\t\t\t\t\t\t<input\n\t\t\t\t\t\t\t\ttype=\"radio\"\n\t\t\t\t\t\t\t\t\n\t\t\tid=\"simpay_2d180888-abad-416f-beeb-cf25566a5664-instance-689\"\n\t\t\tclass=\"simpay-multi-sub simpay-price-option-simpay_2d180888-abad-416f-beeb-cf25566a5664\"\n\t\t\tdata-price='{\"product_id\":\"prod_NHuVYaAHwSOkGi\",\"id\":\"simpay_2d180888-abad-416f-beeb-cf25566a5664\",\"default\":true,\"label\":null,\"currency\":\"eur\",\"currency_symbol\":\"&euro;\",\"is_zero_decimal\":false,\"unit_amount\":1000,\"unit_amount_min\":\"100\",\"can_recur\":false,\"recurring\":null,\"line_items\":null,\"generated_label\":\"starting at 1.00 &euro;\",\"simplified_label\":\"1.00 &euro;\",\"currency_min_amount\":100}'\n\t\t\tname=\"simpay_price\"\n\t\t\t checked='checked'\n\t\t\t\n\t\t\tvalue=\"simpay_2d180888-abad-416f-beeb-cf25566a5664\"\n\t\t\tdata-plan-id=\"simpay_2d180888-abad-416f-beeb-cf25566a5664\"\n\t\t\tdata-plan-amount=\"10\"\n\t\t\t\n\t\t\t\t\t\t\t\t\t\t\/>\n\t\t\t\t\t\t\tstarting at 1.00 &euro;\t\t\t\t\t\t<\/label>\n\t\t\t\t\t<\/li>\n\t\t\t\t\t\t\t\t<\/ul>\n\t\t\t<\/div>\n\t\t<\/fieldset>\n\n\t\t\n\t\t\n\t\t<div class=\"simpay-form-control simpay-custom-amount-container\">\n\t\t\t\n\t\t<div class=\"simpay-custom_amount-label simpay-label-wrap\">\n\t\t\t<label for=\"simpay-form-11-field-5\" class=\"\">\n\t\t\t\tMontant de votre don (minimum 1\u20ac)\t\t\t\t\t\t\t<\/label>\n\t\t<\/div>\n\n\t\t\t\t\t<div class=\"simpay-custom-amount-wrap simpay-field-wrap\">\n\t\t\t\t\t\t\t\t<input\n\t\t\t\t\ttype=\"tel\"\n\t\t\t\t\tname=\"simpay_custom_price_amount\"\n\t\t\t\t\tid=\"simpay-form-11-field-5\"\n\t\t\t\t\t\t\t\t\t\tvalue=\"10.00\"\n\t\t\t\t\t\t\t\t\t\tplaceholder=\"10.00\"\n\t\t\t\t\tclass=\"simpay-amount-input simpay-custom-amount-input simpay-custom-amount-input-symbol-right\"\n\t\t\t\t\tdata-prefill-default=\"1\"\n\t\t\t\t\t\t\t\t\t\/>\n\t\t\t\t<span class=\"simpay-currency-symbol simpay-currency-symbol-right\">&euro;<\/span>\t\t\t<\/div>\n\t\t<\/div>\n\n\t\t\n\t\t<div class=\"simpay-form-control simpay-form-control--card simpay-card-container\">\n\t\t\t\n\t\t<div class=\"simpay-card-label simpay-label-wrap\">\n\t\t\t<label for=\"simpay-form-11-field-3\" class=\"\">\n\t\t\t\tMoyen de paiement\t\t\t\t\t\t\t<\/label>\n\t\t<\/div>\n\n\t\t\n\t\t\t<div class=\"simpay-form-tabs\">\n\t\t\t\t<div\n\t\t\t\t\tclass=\"simpay-form-tabs-toggles\"\n\t\t\t\t\trole=\"tablist\"\n\t\t\t\t\taria-label=\"Moyen de paiement\"\n\t\t\t\t\t\t\t\t\t>\n\t\t\t\t\t\t\t\t\t\t\t<button\n\t\t\t\t\t\t\trole=\"tab\"\n\t\t\t\t\t\t\taria-controls=\"simpay-payment-method-panel-card\"\n\t\t\t\t\t\t\tid=\"simpay-payment-method-toggle-card\"\n\t\t\t\t\t\t\tclass=\"simpay-payment-method-toggle simpay-form-tabs-toggles__toggle is-active\"\n\t\t\t\t\t\t\tdata-payment-method=\"card\"\n\t\t\t\t\t\t\t\t\t\t\t\t\t\t\taria-selected=\"true\"\n\t\t\t\t\t\t\t\ttabindex=\"0\"\n\t\t\t\t\t\t\t\t\t\t\t\t\t>\n\t\t\t\t\t\t\t\t\t\t\t\t\t\t\t<svg width=\"16\" height=\"16\" viewBox=\"0 0 16 16\" xmlns=\"http:\/\/www.w3.org\/2000\/svg\"><path fill-rule=\"evenodd\" d=\"M0 4a2 2 0 0 1 2-2h12a2 2 0 0 1 2 2H0zm0 2v6a2 2 0 0 0 2 2h12a2 2 0 0 0 2-2V6H0zm3 5a1 1 0 0 1 1-1h1a1 1 0 1 1 0 2H4a1 1 0 0 1-1-1z\" fill=\"#6d6e78\" \/><\/svg>\t\t\t\t\t\t\t\n\t\t\t\t\t\t\tCredit Card\t\t\t\t\t\t<\/button>\n\t\t\t\t\t\t\t\t\t\t\t<button\n\t\t\t\t\t\t\trole=\"tab\"\n\t\t\t\t\t\t\taria-controls=\"simpay-payment-method-panel-sepa-debit\"\n\t\t\t\t\t\t\tid=\"simpay-payment-method-toggle-sepa-debit\"\n\t\t\t\t\t\t\tclass=\"simpay-payment-method-toggle simpay-form-tabs-toggles__toggle \"\n\t\t\t\t\t\t\tdata-payment-method=\"sepa-debit\"\n\t\t\t\t\t\t\t\t\t\t\t\t\t\t\ttabindex=\"-1\"\n\t\t\t\t\t\t\t\t\t\t\t\t\t>\n\t\t\t\t\t\t\t\t\t\t\t\t\t\t\t<svg height=\"32\" width=\"32\" viewBox=\"0 0 32 32\" xmlns=\"http:\/\/www.w3.org\/2000\/svg\"><g fill=\"none\" fill-rule=\"evenodd\"><path d=\"M0 0h32v32H0z\" fill=\"#10298d\" \/><path d=\"M27.485 18.42h-2.749l-.37 1.342H22.24L24.533 12h3.104l2.325 7.762h-2.083l-.393-1.342zm-.408-1.512-.963-3.364-.936 3.364zm-10.452 2.854V12h3.83c.526 0 .928.044 1.203.13.63.202 1.052.612 1.27 1.233.111.325.167.816.167 1.47 0 .788-.06 1.354-.183 1.699-.247.68-.753 1.072-1.517 1.175-.09.015-.472.028-1.146.04l-.341.011H18.68v2.004zm2.056-3.805h1.282c.407-.015.653-.047.744-.096.12-.068.202-.204.242-.408.026-.136.04-.337.04-.604 0-.329-.026-.573-.079-.732-.073-.222-.25-.358-.53-.407a3.91 3.91 0 0 0-.4-.011h-1.299zm-10.469-1.48H6.3c0-.32-.038-.534-.11-.642-.114-.162-.43-.242-.942-.242-.5 0-.831.046-.993.139-.161.093-.242.296-.242.608 0 .283.072.469.215.558a.91.91 0 0 0 .408.112l.386.026c.517.033 1.033.072 1.55.119.654.066 1.126.243 1.421.53.231.222.37.515.414.875.025.216.037.46.037.73 0 .626-.057 1.083-.175 1.374-.213.532-.693.868-1.437 1.009-.312.06-.788.089-1.43.089-1.072 0-1.819-.064-2.24-.196-.517-.158-.858-.482-1.024-.969-.092-.269-.137-.72-.137-1.353h1.914v.162c0 .337.096.554.287.65.13.067.29.101.477.106h.704c.359 0 .587-.019.687-.056a.57.57 0 0 0 .346-.34 1.38 1.38 0 0 0 .044-.374c0-.341-.123-.55-.368-.624-.092-.03-.52-.071-1.28-.123a15.411 15.411 0 0 1-1.274-.128c-.626-.119-1.044-.364-1.252-.736-.184-.315-.275-.793-.275-1.432 0-.487.05-.877.148-1.17.1-.294.258-.517.48-.669.321-.234.735-.371 1.237-.412.463-.04.927-.058 1.391-.056.803 0 1.375.046 1.717.14.833.227 1.248.863 1.248 1.909a5.8 5.8 0 0 1-.018.385z\" fill=\"#fff\" \/><path d=\"M13.786 13.092c.849 0 1.605.398 2.103 1.02l.444-.966a3.855 3.855 0 0 0-2.678-1.077c-1.62 0-3.006.995-3.575 2.402h-.865l-.51 1.111h1.111c-.018.23-.017.46.006.69h-.56l-.51 1.111h1.354a3.853 3.853 0 0 0 3.549 2.335c.803 0 1.55-.244 2.167-.662v-1.363a2.683 2.683 0 0 1-2.036.939 2.7 2.7 0 0 1-2.266-1.248h2.832l.511-1.112h-3.761a2.886 2.886 0 0 1-.016-.69h4.093l.51-1.11h-4.25a2.704 2.704 0 0 1 2.347-1.38\" fill=\"#ffcc02\" \/><\/g><\/svg>\t\t\t\t\t\t\t\n\t\t\t\t\t\t\tSEPA Direct Debit\t\t\t\t\t\t<\/button>\n\t\t\t\t\t\t\t\t\t<\/div>\n\n\t\t\t\t\t\t\t\t\t<div\n\t\t\t\t\t\tid=\"simpay-payment-method-panel-card\"\n\t\t\t\t\t\trole=\"tabpanel\"\n\t\t\t\t\t\taria-labelledby=\"simpay-payment-method-toggle-card\"\n\t\t\t\t\t\t\t\t\t\t\t>\n\n\t\t\t\t\t\t\n\t\t<div\n\t\t\tid=\"simpay-card-element-simpay-form-11-field-3\"\n\t\t\tclass=\"simpay-card-wrap simpay-field-wrap\"\n\t\t\tdata-show-postal-code=\"yes\"\n\t\t>\n\t\t<\/div>\n\n\t\t\n\t\t\t\t\t<\/div>\n\t\t\t\t\t\t\t\t\t<div\n\t\t\t\t\t\tid=\"simpay-payment-method-panel-sepa-debit\"\n\t\t\t\t\t\trole=\"tabpanel\"\n\t\t\t\t\t\taria-labelledby=\"simpay-payment-method-toggle-sepa-debit\"\n\t\t\t\t\t\t\t\t\t\t\t\t\thidden\n\t\t\t\t\t\t\t\t\t\t\t>\n\n\t\t\t\t\t\t\n\t\t<div\n\t\t\tid=\"simpay-sepa-debit-element-simpay-form-11-field-3\"\n\t\t\tclass=\"simpay-sepa-debit-wrap simpay-field-wrap\"\n\t\t>\n\t\t<\/div>\n\n\t\t<div class=\"simpay-payment-method-terms\">\n\t\t\t<p>\n\t\t\t\tBy providing your payment information and confirming this payment, you authorise (A) Solidarit\u00e9 Ukraine and Stripe, our payment service provider, to send instructions to your bank to debit your account and (B) your bank to debit your account in accordance with those instructions. As part of your rights, you are entitled to a refund from your bank under the terms and conditions of your agreement with your bank. A refund must be claimed within 8 weeks starting from the date on which your account was debited.\t\t\t<\/p>\n\t\t<\/div>\n\n\t\t\n\t\t\t\t\t<\/div>\n\t\t\t\t\t\t\t<\/div>\n\t\t<\/div>\n\n\t\t<div class=\"simpay-form-control simpay-checkout-btn-container\"><button id=\"simpay-form-11-field-4\" class=\"simpay-btn simpay-checkout-btn\" type=\"submit\"><span>Verser <em class=\"simpay-total-amount-value\">10.00 &euro;<\/em><\/span><\/button><\/div><input type=\"hidden\" name=\"simpay_form_id\" value=\"11\" \/><input type=\"hidden\" name=\"simpay_amount\" value=\"\" class=\"simpay-amount\" \/><div class=\"simpay-errors\" id=\"simpay-form-11-error\" aria-live=\"assertive\" aria-relevant=\"additions text\" aria-atomic=\"true\"><\/div><input type=\"hidden\" name=\"simpay_tax_amount\" value=\"\" class=\"simpay-tax-amount\" \/><input type=\"hidden\" id=\"_wpnonce\" name=\"_wpnonce\" value=\"193313bbd4\" \/><input type=\"hidden\" name=\"_wp_http_referer\" value=\"\/index.php\/wp-json\/wp\/v2\/pages\/7\" \/><\/form><\/div><\/div><style><\/style>","protected":false},"excerpt":{"rendered":"<p>La FFBA, F\u00e9d\u00e9ration Fran\u00e7aise du B\u00e9n\u00e9volat et de la vie Associative, repr\u00e9sentant une grande partie du mouvement [&hellip;]<\/p>\n","protected":false},"author":1,"featured_media":0,"parent":0,"menu_order":0,"comment_status":"closed","ping_status":"closed","template":"","meta":[],"_links":{"self":[{"href":"https:\/\/ukraine.benevolat.org\/index.php\/wp-json\/wp\/v2\/pages\/7"}],"collection":[{"href":"https:\/\/ukraine.benevolat.org\/index.php\/wp-json\/wp\/v2\/pages"}],"about":[{"href":"https:\/\/ukraine.benevolat.org\/index.php\/wp-json\/wp\/v2\/types\/page"}],"author":[{"embeddable":true,"href":"https:\/\/ukraine.benevolat.org\/index.php\/wp-json\/wp\/v2\/users\/1"}],"replies":[{"embeddable":true,"href":"https:\/\/ukraine.benevolat.org\/index.php\/wp-json\/wp\/v2\/comments?post=7"}],"version-history":[{"count":3,"href":"https:\/\/ukraine.benevolat.org\/index.php\/wp-json\/wp\/v2\/pages\/7\/revisions"}],"predecessor-version":[{"id":12,"href":"https:\/\/ukraine.benevolat.org\/index.php\/wp-json\/wp\/v2\/pages\/7\/revisions\/12"}],"wp:attachment":[{"href":"https:\/\/ukraine.benevolat.org\/index.php\/wp-json\/wp\/v2\/media?parent=7"}],"curies":[{"name":"wp","href":"https:\/\/api.w.org\/{rel}","templated":true}]}}